2*m**2 - 20*m + 13. Let f be y(23). Calculate the greatest common factor of f and z.
2
Let f be ((2 - -4)/((-208)/78))/(6/(-664)). What is the highest common divisor of 2 and f?
1
Suppose 4*q = 3326 - 474. Calculate the highest common divisor of q and 69.
23
Let s(a) = 2*a**3 - 27*a**2 - 238*a - 5. Let b be s(-6). Calculate the greatest common divisor of 11153 and b.
19
Let k(l) = -2*l**2 - 10*l + 16. Let n be k(-6). Suppose -n = 7*d - 11. Let z = 18 + -7. What is the greatest common factor of d and z?
1
Suppose -4*s + 0*s = -4*v + 928, 5*v - 1156 = s. Let n(o) = o**2 + 2*o - 36. Let p be n(-14). What is the greatest common factor of p and v?
33
Let a = 99 - 95. Suppose 3*c + l - 351 = 0, -a*c = -2*l - l - 468. Calculate the highest common factor of c and 27.
9
Let y = -182 + 185. Suppose -q + 2 = -2*l - 8, -3*l - 15 = -5*q. Suppose q = 3*k - 10 - 17. What is the highest common factor of y and k?
3
Suppose 715*n - 632*n - 1249 = 743. Calculate the highest common divisor of n and 3816.
24
Suppose 0 = 9*h - 36668 + 9992. Suppose 0 = 11*o + 2*o - h. What is the highest common divisor of o and 285?
57
Suppose v + 5*b - 114 = 0, 3*v - 309 = -3*b - 75. Calculate the greatest common factor of v and 3611.
23
Let u be 2/((-5)/395*-1). Suppose 144 = -k + u. What is the greatest common factor of k and 49?
7
Let v be 13 - 2 - (2 + 2). Let x(l) = 11*l + 20*l - 10*l - v. Let b be x(8). What is the highest common divisor of 23 and b?
23
Let o = -2617 - -2838. What is the greatest common factor of 765 and o?
17
Suppose -20 = 2*o - 212. Let h = -8146 - -8152. Suppose h*b = o + 240. What is the greatest common divisor of b and 8?
8
Let a(k) = -16*k - 266. Let f be a(-17). Let u be 3*(-8)/f + 5 + 19. Calculate the highest common factor of u and 45.
5
Let x be ((-1197)/(-21))/((-1)/(-3)). Let v(z) = -z**2 - 11*z - 3. Let w be v(-8). Let y = w - 2. Calculate the highest common factor of y and x.
19
Suppose -174*o + 78122 = -45592. Calculate the greatest common divisor of 9 and o.
9
Let m(w) = 36*w - 1627. Let h be m(47). Calculate the greatest common factor of 572 and h.
13
Let q(n) = 3*n**2 - 24*n + 1296. Let x be q(27). Calculate the highest common factor of 49 and x.
7
Suppose 5*a = -4*q + 11, 0 = -5*q + 4*q - 1. Suppose -2 = t, 8*f + 4*t - 12 = a*f. Let x be (12/3)/f - 0. Calculate the highest common factor of 9 and x.
1
Let h be ((-5)/(-15))/(7/(-105)). Let j be -1 - (-600)/h*(-2 - -1). Suppose 37 = -4*k + 173. What is the highest common divisor of k and j?
17
Let q = 304 - 266. Let p be -4*(-2)/16*q*3. Calculate the highest common factor of p and 57.
57
Let o be (-12 - -24)*(0 + (-6628)/(-16)). Let j be 1/7*o - (-4)/(-28). What is the greatest common divisor of j and 10?
10
Let s(c) = -63*c**3 + c**2 + 26*c + 39. Let z be s(-2). What is the highest common divisor of z and 30?
15
Let h(l) = l**2 - 21*l + 40. Let u be h(20). Suppose 95*g - 92*g - 135 = 0. Calculate the highest common divisor of u and g.
5
Suppose -395*n + 558311 = 119465 - 159579. Calculate the greatest common factor of n and 75.
15
Let a be ((45/(-84))/((-111)/296))/((-4)/(-28)). Calculate the highest common divisor of a and 1195.
5
Let j(o) = 37*o**2 + 92*o - 139. Let w be j(-10). What is the greatest common factor of w and 133?
19
Let f = 12 + 30. Suppose 5*g = -2*g - 287. Let v = g + 146. What is the greatest common divisor of v and f?
21
Let z be (-160)/26 + 8/52. Let h be 47/(((-9)/(-6))/(z/(-4))). Calculate the highest common factor of 752 and h.
47
Let y = 2317 + -1833. What is the highest common factor of 1089 and y?
121
Let f(t) = 479*t - 2390. Let x be f(5). Calculate the greatest common factor of 1835 and x.
5
Suppose -4*k + 14 = 2*s - 22, 4*s - 3*k = 17. Suppose 9*l = 11*l - s. Suppose 2*t + 8 = l*t. What is the greatest common divisor of 16 and t?
4
Suppose s - 8 = 5*s. Let p be 289/s*10/(-5)*1. Calculate the highest common factor of 34 and p.
17
Suppose 10*n + 23*n = 10*n. Suppose -2*m + 91 - 77 = n. What is the highest common factor of 1 and m?
1
Let g be 4 + (-6 - -11) + -6. Calculate the highest common factor of g and 2148.
3
Let m = 707 - 577. Suppose 24*o - 23*o = -z + m, 0 = -o + 4. Calculate the highest common divisor of 42 and z.
42
Let l = 1626 - 962. Suppose 3*y + 70 = l. Calculate the greatest common factor of y and 22.
22
Let h = 648 - 587. Suppose -h*y + 40*y + 420 = 0. What is the highest common factor of 65 and y?
5
Let p be 42/1 - (-8 - -8). Suppose 2*g + j = 54, g - 5*j - 32 = -3*j. Calculate the greatest common factor of p and g.
14
Let t = 156 - -724. Suppose -t = -22*p + 880. Suppose -2*q + 40 = 2*q. What is the highest common factor of q and p?
10
Let r(h) = -h + 3. Let f be r(-1). Suppose 2*q + 1489 - 195 = 5*c, -f*q = -5*c + 1288. Calculate the highest common divisor of c and 104.
52
Suppose -77 + 225 = 4*y + 5*r, -y + 2*r = -50. What is the greatest common divisor of y and 714?
42
Let v be -110 + (-7)/7 + 7. Let t = -94 - v. Suppose 0 = o + 5*d - 25, 7*d + 55 = 3*o + 2*d. What is the greatest common divisor of o and t?
10
Let t = -11995 + 12047. Calculate the highest common factor of 2834 and t.
26
Let x = 179 - 142. Suppose 0 = x*c + 3*c - 1440. What is the highest common divisor of 198 and c?
18
Let u = 229 + -223. Suppose -4*p + 4 = 0, 3*b - u*p + 2*p = 152. Calculate the greatest common factor of 65 and b.
13
Suppose 3*a + 3*s = -480, 0*a + 3*s = a + 156. Suppose -4*l = -24 - 12. Let m be 2/6 - a/l. What is the greatest common factor of 45 and m?
9
Let y = -3978 + 4158. Calculate the highest common factor of 39330 and y.
90
Let a(c) = c**3 + 6*c**2 + 4*c + 1. Suppose 0*w + 2*w = -10. Let v be a(w). Let d = 2795 + -2792. What is the greatest common divisor of d and v?
3
Let q = -2927 - -2975. What is the greatest common factor of q and 3504?
48
Suppose -4*a = 17 - 61. Let l(w) = 20*w - 247. Let n be l(14). Calculate the highest common divisor of a and n.
11
Let l be (10/8)/(6/6)*4. Suppose -385 = -l*m + 895. What is the highest common factor of m and 32?
32
Let f be (396/(-88))/((-2)/172). What is the greatest common factor of 117 and f?
9
Let m be (39 + -39 - (-2)/(-8)) + 58/8. Let q be (-2)/4*(-1 - 1). Calculate the highest common factor of m and q.
1
Let p(k) = -k**3 - 8*k**2 - 14*k. Let u be p(-7). Suppose -46*s + u*s = 24. Let o be -1*(0 + s/(16/(-4))). What is the greatest common divisor of 2 and o?
2
Suppose -p + 1690 = 14*n - 13*n, -5*n = -5*p - 8470. Calculate the highest common factor of 144 and n.
36
Let z be (50/(-40))/(-5)*(-8 - -49348). What is the highest common divisor of z and 5?
5
Let u = 3829 + -3731. Calculate the highest common factor of 546 and u.
14
Suppose -73*n + 2276 + 3427 = -3641. Calculate the greatest common divisor of n and 96.
32
Let x(m) = 2*m**2 - 45*m - 17. Let g be x(23). Suppose -9*p + g*p + 1860 = 0. Calculate the greatest common factor of 31 and p.
31
Let u(j) = -j**3 - 21*j**2 + 139*j + 99. Let s be u(-30). What is the highest common divisor of 51 and s?
51
Suppose 4*z = 5*s + 5, -3*z - 4*s = s + 5. Suppose z*c - 2*o - 163 = 3*c, 4*o + 273 = -5*c. Let j = c + 57. Calculate the highest common divisor of 1 and j.
1
Let y = 396 + -383. Suppose -3*j = 18*n - y*n - 25, -3*n - 13 = -j. Calculate the highest common divisor of j and 5.
5
Let d = 89 - 35. Let u be ((-2)/(-7))/((-14)/196) + 85. What is the highest common factor of d and u?
27
Suppose 9*f - 4*f - o - 240 = 0, -4*f - o = -192. Suppose 6*z + f = 14*z. Calculate the greatest common factor of z and 246.
6
Let f(p) = -p**2 + 23*p - 165. Let b be f(13). Let j = -17 - b. What is the greatest common divisor of 27 and j?
9
Let f(d) be the first derivative of -d**3/3 - 11*d**2/2 - 6*d - 9. Suppose 19 = -8*x - 37. Let b be f(x). Calculate the greatest common divisor of 11 and b.
11
Let s be (-4)/(-12) + (3876/(-9))/(-4). Suppose -3*b - s = -a - a, 0 = -3*a - 5*b + 200. Calculate the greatest common factor of 48 and a.
12
Suppose 0 = -0*v + 4*v - 22*b - 246, 4*v = 4*b + 372. Let s(k) = k**3 - 3*k**2 - 6*k. Let w be s(5). Calculate the highest common factor of w and v.
20
Let p = 42692 - 42431. Suppose 0 = -3*z - 3*x + 75, -17 = -z - 0*x - 3*x. Calculate the highest common divisor of p and z.
29
Let q be (15/6)/(3 + (-49)/28). Suppose -q*a = -91 - 125. Calculate th